{"id":65,"date":"2018-06-13T08:49:00","date_gmt":"2018-06-13T11:49:00","guid":{"rendered":"http:\/\/bauru.ga\/?page_id=65"},"modified":"2018-06-20T19:50:10","modified_gmt":"2018-06-20T22:50:10","slug":"eventos","status":"publish","type":"page","link":"https:\/\/bauru.faidiga.com.br\/index.php\/eventos\/","title":{"rendered":"Eventos"},"content":{"rendered":"<p>&nbsp;<\/p>\n<p>Espet\u00e1culo de dan\u00e7a \u201cAlegria\u201d: 23\/6, s\u00e1bado, \u00e0s 19h30, no Teatro Municipal \u201cFl\u00e1vio Razuk\u201d (Pederneiras). Realiza\u00e7\u00e3o: Companhia Rodas que Dan\u00e7am (formada por pessoas com defici\u00eancia). Entrada Franca.<\/p>\n<p>Lan\u00e7amento do enredo 2019 da escola Mocidade Unida da Vila Falc\u00e3o: 24\/6, domingo, a partir das 13h, em almo\u00e7o especial na sede social da agremia\u00e7\u00e3o &#8211; avenida Elias Migue Maluf, quadra 3. Anima\u00e7\u00e3o de Serginho, Ala Musical, Corte e Bateria. Convites j\u00e1 est\u00e3o \u00e0 venda com pessoal da Mocidade.<\/p>\n<p>Cineclule Sesi com o filme &#8220;Closer &#8211; Perto Demais&#8221; (dublado): 27\/6, \u00e0s 19h30, com classifica\u00e7\u00e3o de 14 anos. Local: unidade da rua Rubens Arruda, 8-50, Altos da Cidade.<\/p>\n","protected":false},"excerpt":{"rendered":"<p>&nbsp; Espet\u00e1culo de dan\u00e7a \u201cAlegria\u201d: 23\/6, s\u00e1bado, \u00e0s 19h30, no Teatro Municipal \u201cFl\u00e1vio Razuk\u201d (Pederneiras). Realiza\u00e7\u00e3o: Companhia Rodas que Dan\u00e7am [&hellip;]<\/p>\n","protected":false},"author":1,"featured_media":0,"parent":0,"menu_order":0,"comment_status":"closed","ping_status":"closed","template":"","meta":{"_monsterinsights_skip_tracking":false,"_monsterinsights_sitenote_active":false,"_monsterinsights_sitenote_note":"","_monsterinsights_sitenote_category":0,"footnotes":""},"class_list":["post-65","page","type-page","status-publish","hentry"],"_links":{"self":[{"href":"https:\/\/bauru.faidiga.com.br\/index.php\/wp-json\/wp\/v2\/pages\/65","targetHints":{"allow":["GET"]}}],"collection":[{"href":"https:\/\/bauru.faidiga.com.br\/index.php\/wp-json\/wp\/v2\/pages"}],"about":[{"href":"https:\/\/bauru.faidiga.com.br\/index.php\/wp-json\/wp\/v2\/types\/page"}],"author":[{"embeddable":true,"href":"https:\/\/bauru.faidiga.com.br\/index.php\/wp-json\/wp\/v2\/users\/1"}],"replies":[{"embeddable":true,"href":"https:\/\/bauru.faidiga.com.br\/index.php\/wp-json\/wp\/v2\/comments?post=65"}],"version-history":[{"count":3,"href":"https:\/\/bauru.faidiga.com.br\/index.php\/wp-json\/wp\/v2\/pages\/65\/revisions"}],"predecessor-version":[{"id":70,"href":"https:\/\/bauru.faidiga.com.br\/index.php\/wp-json\/wp\/v2\/pages\/65\/revisions\/70"}],"wp:attachment":[{"href":"https:\/\/bauru.faidiga.com.br\/index.php\/wp-json\/wp\/v2\/media?parent=65"}],"curies":[{"name":"wp","href":"https:\/\/api.w.org\/{rel}","templated":true}]}}